10110111?
1100110010000010110110
In base 14, what is 4 - 374877a?
-3748776
In base 12, what is 3a3a9 + 193?
3a580
In base 8, what is 2341745 + 5?
2341752
In base 2, what is -110001100111010000001111 - -11?
-110001100111010000001100
In base 3, what is 2111200120122 - -1012?
2111200121211
In base 7, what is -12261651 + 2134?
-12256514
In base 4, what is -3311311002 + 1031?
-3311303311
In base 2, what is -11100110111100 - 10001001110?
-11111000001010
In base 9, what is 0 - 2487215?
-2487215
In base 11, what is -58028 - -7a?
-57a59
In base 5, what is -20 + -3414001430?
-3414002000
In base 8, what is -21 + 3260115?
3260074
In base 5, what is -30400040 + -2144?
-30402234
In base 14, what is -33 - 104308?
-10433b
In base 12, what is 2072 - 15a4b?
-13999
In base 7, what is 5163 - -33553?
42046
In base 4, what is -112212201100 + 10?
-112212201030
In base 10, what is 12 + -3936592?
-3936580
In base 7, what is 3 + -1256546641?
-1256546635
In base 5, what is -2122 - 11003023?
-11010200
In base 11, what is -16 - 9122510?
-9122526
In base 3, what is -11 - 112221221000021?
-112221221000102
In base 13, what is -2b551 - -30?
-2b521
In base 16, what is 8b + fca?
1055
In base 11, what is -363442 - 149?
-363590
In base 6, what is 1245240 + 13?
1245253
In base 9, what is -48547 - 1310?
-50857
In base 6, what is 2051 + -130213430?
-130211335
In base 11, what is -162 - -1a372?
1a210
In base 5, what is -31244433 + -322?
-31300310
In base 2, what is -1000000001000 - -101001100001011?
100001100000011
In base 7, what is 3466360045 + 4?
3466360052
In base 16, what is -17e - 3a93?
-3c11
In base 2, what is 11110010111111 - -111000001?
11111010000000
In base 8, what is 4012 + 11?
4023
In base 9, what is -84546 + 110?
-84436
In base 2, what is -11110001 - 1001110110011?
-1010010100100
In base 11, what is -3 - 973724?
-973727
In base 2, what is 110110 + -111011100000001011011?
-111011100000000100101
In base 8, what is -153 + -42452663?
-42453036
In base 16, what is 1b + -df4?
-dd9
In base 15, what is 60a + -ebde?
-e5d4
In base 10, what is 795 - 616?
179
In base 6, what is 413524 - 43?
413441
In base 14, what is 2 - -3594c356?
3594c358
In base 6, what is 13032315052 + 2?
13032315054
In base 9, what is -113450 - 81?
-113541
In base 15, what is 1 - 1244688?
-1244687
In base 7, what is 36 - -460502651?
460503020
In base 11, what is -199 + -4a8?
-696
In base 11, what is 929608 - -181?
929789
In base 3, what is 1220020 + -221012122?
-212022102
In base 3, what is -2111221100 + 21102122?
-2020111201
In base 9, what is -58 - -423215?
423146
In base 16, what is -4f + 247811?
2477c2
In base 8, what is 66216 - 421?
65575
In base 4, what is -100213 + -1100013?
-1200232
In base 6, what is 2 + 134234231?
134234233
In base 15, what is -18e85643 - 5?
-18e85648
In base 16, what is 1 + -2e2d38?
-2e2d37
In base 11, what is 4012a + 882?
40a01
In base 9, what is 415072 - -14?
415086
In base 15, what is -7624 - 9d0?
-8104
In base 3, what is 1012222101 - 12112222?
1000102102
In base 6, what is -22030 - -524?
-21102
In base 8, what is 2 + 5336321?
5336323
In base 11, what is 10 - 3155a0?
-315590
In base 10, what is 15 - 517859?
-517844
In base 14, what is -6913 + -1235?
-7b48
In base 8, what is -43420 + -10154?
-53574
In base 6, what is -40324223155 - 4?
-40324223203
In base 11, what is -703343 + aa?
-703244
In base 5, what is -12024000134 + 1?
-12024000133
In base 4, what is 1132030 + -300213?
231211
In base 14, what is -47 - a7a2b?
-a7a74
In base 8, what is -33105734 + -5?
-33105741
In base 12, what is -4a43bbb7 - -5?
-4a43bbb2
In base 8, what is -554423 - 34?
-554457
In base 4, what is -1000001021 - -2023?
-333332332
In base 13, what is 9b40 + -192?
997b
In base 16, what is -12bca4 + 16d?
-12bb37
In base 11, what is 26226 + -3a3?
25933
In base 2, what is 10110100000 + 110110101100001010?
110111000010101010
In base 15, what is 2d9863 + 55?
2d98b8
In base 10, what is -9507742 + -9?
-9507751
In base 14, what is -8451d967 + -1?
-8451d968
In base 4, what is 112 + -1212102232?
-1212102120
In base 12, what is 6071b + 85?
607a4
In base 3, what is -100 + 102002020102010?
102002020101210
In base 8, what is -62 + -1244001?
-1244063
In base 3, what is -110122201000210212 - 0?
-110122201000210212
In base 12, what is 25 - -278832?
278857
In base 5, what is 4 + 13014433224?
13014433233
In base 13, what is -8b9c - 2b91?
-ba60
In base 5, what is -3104021 - 1112?
-3110133
In base 13, what is -6 - 64b68c?
-64b695
In base 11, what is 348992 + -24?
348969
In base 4, what is 2010 + 12123130133?
12123132203
In base 12, what is 2323b + -1605?
21836
In base 13, what is -7b - -23784?
23706
In base 7, what is -402 + 311452?
311050
In base 11, what is -2692141 - -15?
-2692127
In base 13, what is -94a4a6b + -5?
-94a4a73
In base 12, what is -32885 - 6b?
-32934
In base 4, what is -10130131133 - 112200?
-10130303333
In base 6, what is -3015311123 + -32?
-3015311155
In base 3, what is 10100021022 + 1211221?
10102010020
In base 14, what is 3 + 46c983a?
46c983d
In base 11, what is -2627 - -661?
-1a76
In base 7, what is -66 - 202263432?
-202263531
In base 10, what is -158700325 + 2?
-158700323
In base 16, what is e05e - -202b?
10089
In base 7, what is 326 - -20212?
20541
In base 15, what is 0 + -4e2147a?
-4e2147a
In base 11, what is -3 + -42137a9?
-4213801
In base 10, what is -2543 - -42799?
40256
In base 9, what is 1232 - -256313?
257545
In base 13, what is -11797823 + 5?
-1179781b
In base 10, what is -335338 - 34?
-335372
In base 2, what is -11 + -101000100100000111101111010?
-101000100100000111101111101
In base 4, what is -11322320 - -13002?
-11303312
In base 8, what is 2 - -771620462?
771620464
In base 5, what is -1321 + -4444322423?
-4444324244
In base 16, what is -11dd0827 - 2?
-11dd0829
In base 5, what is 1 - 12043002?
-12043001
In base 7, what is -10043160 - 3?
-10043163
In base 15, what is 3c92a - -ac5?
3d500
In base 2, what is -1100110 + -10000101000101101111000?
-10000101000101111011110
In base 3, what is -120 + 101212112021?
101212111201
In base 12, what is -b235b + 3a?
-b2321
In base 10, what is -119 + -28222?
-28341
In base 11, what is 1520 + -31a57?
-30537
In base 9, what is 66730 + -16856?
48763
In base 7, what is -1455 - 124503?
-126261
In base 14, what is 138bbc3 - 4?
138bbbd
In base 16, what is -bce4 + -251c?
-e200
In base 15, what is -17 + 18a35b3?
18a359b
In base 14, what is 6b1009 - 84?
6b0d65
In base 13, what is 1 + -6bb9b0?
-6bb9ac
In base 3, what is 200100220 - -11202220?
212010210
In base 3, what is 1122220012022101 + 11?
1122220012022112
In base 5, what is -442 + 44013?
43021
In base 14, what is -1d081b3 + -3?
-1d081b6
In base 11, what is 5904a + 302?
59351
In base 12, what is -4701b - 2b4b?
-49b6a
In base 14, what is -245cc355 - -3?
-245cc352
In base 7, what is 104525624 - 6?
104525615
In base 16, what is -4 - -1a05f4c?
1a05f48
In base 11, what is 26264 - -a?
26273
In base 6, what is -302222114 + 23?
-302222051
In base 11, what is -1 + 57263?
57262
In base 16, what is 152f8 - 5ad?
14d4b
In base 10, what is 1 + -14164?
-14163
In base 15, what is 2 - 1e8336d?
-1e8336b
In base 9, what is -73850 - -6534?
-66315
In base 7, what is -11363310 - 553?
-11364163
In base 11, what is 13838 + -441?
133a7
In base 13, what is 6288 + -1936?
4652
In base 2, what is -1 + -11010100101111010101001?
-11010100101111010101010
In base 7, what is 246040 - 54550?
161160
In base 8, what is -1040216 + -2256?
-1042474
In base 2, what is -10100 + 100010110001000111010?
100010110001000100110
In base 11, what is 3 - 957606?
-957603
In base 11, what is -34726 + 2483?
-32253
In base 15, what is -86a + de7a?
d610
In base 12, what is 0 + -78a494?
-78a494
In base 16, what is -25ab7 - -33?
-25a84
In base 6, what is 201103 + -2554?
154105
In base 3, what is -200000012 - 12221012?
-212221101
In base 16, what is -a3a8fff - -3?
-a3a8ffc
In base 4, what is 122010022 + 30213?
122100301
In base 13, what is 9280 + -9b?
91b2
In base 2, what is 1110011000110111111110 + 1?
1110011000110111111111
In base 8, what is 12163320 + -61?
12163237
In base 8, what is 1061412033 - 6?
1061412025
In base 2, what is 1011111001 + 10000110110101?
10010010101110
In base 5, what is -412013 - -11143?
-400320
In base 4, what is 101 - -102310303320?
102310310021
In bas